- 2941. Determine m(-5).
-116
Let y(c) = -215576*c - 12503416. Calculate y(-58).
-8
Let p(w) = 28*w**2 - 3149*w - 38030. What is p(-11)?
-3
Let o(f) = -5524*f - 154916. What is o(-28)?
-244
Let y(f) = 275*f**2 - 2200*f + 12. Determine y(8).
12
Let x(i) = -885*i - 41432. Give x(-46).
-722
Let g(v) = 27*v**2 + 2167*v - 2164. Determine g(1).
30
Let t(i) = 14*i**2 - 2858*i + 443. Calculate t(204).
35
Let o(a) = -390450*a - 6. Determine o(0).
-6
Let r(l) = -14561*l + 43692. Give r(3).
9
Let f(a) = 3*a**2 + 15385*a + 625734. Give f(-41).
-8
Let n(m) = -74240*m - 519695. Calculate n(-7).
-15
Let v(a) = 7120*a + 35628. What is v(-5)?
28
Let a(m) = 409*m**2 + 38044*m + 639. Determine a(-93).
-12
Let h(j) = -1785*j**2 - 164215*j + 463. What is h(-92)?
3
Let v(f) = -2093*f - 35333. Determine v(-17).
248
Let j(k) = -5*k**2 - 215*k + 2311. Calculate j(9).
-29
Let j(i) = -4*i**3 + 94*i**2 - 74*i - 1536. Calculate j(22).
-260
Let o(r) = -3467*r + 19594. Give o(4).
5726
Let y(h) = -4*h**2 + 920*h + 4673. Calculate y(-5).
-27
Let i(c) = -346850*c + 6243280. Determine i(18).
-20
Let u(k) = -24*k**2 + 286*k + 2209. Determine u(-8).
-1615
Let x(w) = -398*w + 10991. Calculate x(35).
-2939
Let f(d) = -d**3 + 53*d**2 - 296*d + 333. Calculate f(4).
-67
Let f(w) = -1853*w + 276039. Give f(149).
-58
Let u(y) = -y**3 - 9*y**2 - 71*y - 436. What is u(-9)?
203
Let h(f) = 1305*f - 97118. What is h(71)?
-4463
Let d(x) = x**2 + 19439*x + 310766. What is d(-16)?
-2
Let d(b) = -1060096*b + 14841343. Give d(14).
-1
Let a(m) = 104*m**2 - 305*m - 1589. Give a(-5).
2536
Let h(l) = 2679*l - 1299321. Calculate h(485).
-6
Let x(v) = -4*v**2 - 46*v + 2512. Calculate x(20).
-8
Let w(g) = -40933*g + 122838. Give w(3).
39
Let w(c) = -2*c**2 - 294*c - 12919. Calculate w(-61).
-2427
Let c(r) = 222*r**3 + 57054*r**2 + 3*r + 758. What is c(-257)?
-13
Let h(y) = y**3 + 2*y**2 - 11868*y + 47357. What is h(4)?
-19
Let u(j) = -j**3 - 57*j**2 - 7812*j - 434334. Give u(-56).
2
Let m(i) = 12926*i - 1473559. Give m(114).
5
Let h(k) = 4210*k + 4226. Determine h(-1).
16
Let a(h) = 658*h - 204619. Give a(311).
19
Let v(c) = -15*c**2 + 349*c + 2215. Give v(36).
-4661
Let y(d) = -d**2 + 3442*d - 192950. Give y(57).
-5
Let p(a) = 3*a**3 - 55*a**2 + 14*a + 248. Calculate p(17).
-670
Let r(s) = 798*s**2 - 8813*s + 13. Calculate r(11).
-372
Let b(s) = 3897404*s - 54563660. Give b(14).
-4
Let m(n) = -2*n**2 - 415*n - 19786. Determine m(-75).
89
Let k(o) = -2085*o - 504421. Determine k(-242).
149
Let n(k) = -k**2 + 410*k + 75629. Determine n(-138).
5
Let j(h) = h**3 - 777*h**2 + 144949*h - 7149. Give j(311).
4
Let m(x) = -219*x**3 + 255573*x**2 - 10. Calculate m(1167).
-10
Let y(s) = -s**2 + 252*s + 6385. What is y(275)?
60
Let k(r) = 91*r**3 - 50*r**2 - 106*r - 8. Give k(-2).
-724
Let k(f) = -6353*f + 2522187. Calculate k(397).
46
Let k(y) = -5006*y + 635923. What is k(127)?
161
Let f(m) = -2*m**2 + 48785*m - 195121. Determine f(4).
-13
Let z(u) = 838*u + 406. Determine z(0).
406
Let k(s) = 52*s**2 - 1146*s - 104. Give k(22).
-148
Let b(x) = -4*x**2 - 22097*x + 88374. Determine b(4).
-78
Let d(w) = 3*w**3 + 59*w**2 + 429*w + 1279. Determine d(-11).
-294
Let h(q) = -41*q**2 - 714*q - 1755. Calculate h(-3).
18
Let a(m) = -3*m**2 - 11987*m + 156303. Determine a(13).
-35
Let v(s) = 239*s**3 + 4*s**2 - 31*s + 25. Give v(1).
237
Let v(t) = -32604*t**2 + 163016*t + 5. What is v(5)?
-15
Let x(q) = q**3 - 203*q**2 + 1586*q - 4961. What is x(195)?
109
Let j(b) = -2*b**3 + 106*b**2 - 1192*b + 119. Calculate j(16).
-9
Let j(d) = -7*d**2 + 2083*d + 12091. Determine j(303).
577
Let g(k) = 2411*k - 22896. What is g(10)?
1214
Let d(x) = 1324*x + 83309. Calculate d(-63).
-103
Let q(j) = 72*j - 3184. Give q(42).
-160
Let z(h) = -500*h - 2572. Give z(-5).
-72
Let r(j) = 12*j**2 + 595*j - 108364. Determine r(-123).
-1
Let u(v) = 17107*v + 274031. Give u(-16).
319
Let t(z) = -3*z**3 + 14*z**2 - 120*z + 571. Give t(5).
-54
Let h(n) = 88*n**2 - 18126*n - 471. Determine h(206).
-59
Let j(o) = o**2 - 1790*o + 346751. Calculate j(1569).
2
Let a(n) = 41*n**2 + 190994*n + 190996. Determine a(-1).
43
Let p(t) = 144*t + 912. Determine p(-4).
336
Let r(q) = 2*q**3 + 79*q**2 + 102*q + 1647. Give r(-40).
-4033
Let a(b) = 331*b**2 - 3992*b + 37. Determine a(12).
-203
Let n(z) = -289*z + 5163. What is n(18)?
-39
Let f(q) = -7*q**2 - 86*q + 9761. Calculate f(-44).
-7
Let l(f) = -20*f**3 - 744*f**2 - 184*f - 1332. Calculate l(-37).
0
Let p(n) = -35*n**3 - 12*n**2 + 197*n + 182. Give p(-1).
8
Let u(a) = -a**2 + 2*a + 3088. Give u(-55).
-47
Let q(o) = -66*o**2 + 16278*o + 5922. What is q(247)?
-6
Let k(p) = p**3 + 59*p**2 + 315*p - 274. Calculate k(-53).
-115
Let i(w) = 71*w**2 - 776*w + 2296. Give i(8).
632
Let i(w) = -w**2 - 475*w - 27680. Calculate i(-68).
-4
Let t(y) = 13071*y - 39229. Give t(3).
-16
Let o(f) = 4431*f + 256927. Determine o(-58).
-71
Let s(o) = o**3 + 53*o**2 - 711*o + 23. Give s(12).
851
Let b(q) = -27*q**2 + 256*q + 41. Determine b(11).
-410
Let k(a) = 4749*a - 1244233. Calculate k(262).
5
Let h(d) = -d**2 - 7636*d - 205435. What is h(-27)?
8
Let q(w) = w**3 - 3*w**2 - 491*w - 1459. Give q(-3).
-40
Let f(h) = -15*h**2 - 13937*h + 27873. Determine f(2).
-61
Let r(b) = -b**3 + 6*b**2 + 18*b - 4. Calculate r(10).
-224
Let w(q) = -128642*q + 128639. Determine w(1).
-3
Let b(z) = -606*z + 6050. Give b(10).
-10
Let n(k) = 20*k**2 + 64122*k + 128239. Determine n(-2).
75
Let t(j) = -2*j**3 + 26*j**2 - 26*j - 978. Calculate t(-5).
52
Let a(d) = 233710*d - 6777582. Give a(29).
8
Let w(l) = -214*l - 43223. What is w(-202)?
5
Let l(n) = n**3 + 299*n**2 - 3*n - 906. Determine l(-299).
-9
Let q(k) = -1137*k + 22694. Give q(20).
-46
Let z(u) = -162*u**3 - 5504*u**2 + 129*u - 202. Determine z(-34).
36
Let c(k) = -k**2 + 197*k + 3765. Calculate c(-17).
127
Let c(f) = -2*f**3 - 167*f**2 + 252*f - 448. What is c(-85)?
-193
Let q(x) = 5*x**2 - 289*x + 2623. Calculate q(11).
49
Let x(d) = -132570*d + 265201. Calculate x(2).
61
Let x(h) = -h**3 - 19*h**2 - 114*h - 1740. Calculate x(-18).
-12
Let g(w) = -2*w**3 - 2042*w**2 - 157398*w + 16851. Calculate g(-937).
-15
Let h(m) = m**3 + 79*m**2 + 1399*m - 142. Give h(-27).
-7
Let q(v) = -1660*v + 78488. Give q(47).
468
Let l(k) = -3272*k**3 - 29447*k**2 + 35*k + 235. What is l(-9)?
1
Let t(c) = -281*c**2 - 10399*c - 80. Calculate t(-37).
-6
Let j(a) = 13434*a + 295553. Give j(-22).
5
Let o(i) = 5*i**2 - 371*i + 6499. Determine o(28).
31
Let k(h) = -67*h**2 - 763*h + 3758. Calculate k(5).
-1732
Let f(g) = -51*g**2 + 414*g - 35. What is f(8)?
13
Let g(z) = -1943*z - 7792. What is g(-4)?
-20
Let s(j) = -667*j + 52686. What is s(79)?
-7
Let s(m) = 5297*m - 1991678. Determine s(376).
-6
Let q(g) = -69*g**2 - 1037*g + 23. Give q(-15).
53
Let a(d) = -d**3 - 5*d**2 - 295*d - 4417. Give a(-14).
1477
Let q(j) = 6*j**2 - 1545*j + 18376. Determine q(245).
1
Let g(b) = 6*b**3 - 10*b**2 - 18*b + 256. Give g(4).
408
Let a(r) = r**3 - 527*r**2 - 4747*r - 41269. Determine a(536).
3
Let w(u) = -5940*u - 66200. What is w(-11)?
-860
Let o(i) = 4*i**2 + 207*i + 2579. Determine o(-26).
-99
Let f(o) = 4*o**2 - 221*o - 16774. Give f(98).
-16
Let j(u) = -1475*u + 244957. Calculate j(166).
107
Let t(q) = -2*q**2 - 112*q - 2664. Give t(-39).
-1338
Let k(d) = -14472*d - 28948. What is k(-2)?
-4
Let c(x) = 10*x**2 - 16820*x + 84070. What is c(5)?
220
Let q(r) = -13262*r - 92809. Determine q(-7).
25
Let c(m) = 4*m**3 + 86*m**2 - 945*m - 23. Give c(8).
-31
Let l(i) = -1202*i - 9770. Give l(-8).
-154
Let h(r) = 1054*r + 21752. Calculate h(-21).
-382
Let s(v) = 1163*v - 309339. Give s(266).
19
Let c(m) = -7909*m - 150582. Determine c(-19).
-311
Let r(l) = -l**3 + 97*l**2 - 539*l - 606. Determine r(91).
31
Let l(r) = -36418*r - 218490. Calculate l(-6).
18
Let b(j) = 2*j**3 - 166*j**2 + 130*j + 2824. What is b(82)?
36
Let m(i) = -3*i**2 + 215*i - 1284. Calculate m(64).
188
Let a(n) = n**3 - 204*n**2 - 41162*n + 8396167. Determine a(205).
-18
Let z(n) = -n**3 + 254*n**2 + 22679*n - 62. Calculate z(-70).
8
Let m(a) = 149*a**2 + 12953*a + 24469. Give m(-85).
-11
Let l(o) = o**3 - 47*o**2 - 59*o - 10523. What is l(52)?
-71
Let s(m) = -m**3 + 125*m**2 + 691*m + 13434. Determine s(131).
989
Let u(f) = -13733*f + 453195. Give u(33).
6
Let